{"id":260,"date":"2012-08-26T15:51:27","date_gmt":"2012-08-26T15:51:27","guid":{"rendered":"http:\/\/www.caiad.fr\/?page_id=260"},"modified":"2012-08-26T15:51:27","modified_gmt":"2012-08-26T15:51:27","slug":"forum","status":"publish","type":"page","link":"http:\/\/www.caiad.fr\/?page_id=260","title":{"rendered":"Forum"},"content":{"rendered":"<div id='wpf-wrapper'><div class='wpf'>\n\n\t\t\t\t<table width='100%' class='wpf-table' id='profileHeader'>\n\t\t\t\t\t<tr>\n\t\t\t\t\t\t<th  ><h4 style='float:left;'>Bienvenue <strong>Invit\u00e9<\/strong>&nbsp;<\/h4>\n\t\t\t\t\t\t<a id='upshrink' style='float:right;' href='#' onclick='shrinkHeader(!current_header); return false;'>Afficher\/Cacher l'ent\u00eate<\/a>\n\t\t\t\t\t\t<\/th>\n\t\t\t\t\t<\/tr>\n\n\t\t\t\t\t<tr id='upshrinkHeader'>\n\t\t\t\t\t\t\n\t\t\t\t\t\t<td valign='top'><p>Bienvenue utilisateur invit\u00e9, publier sur ce forum requiert <a href='http:\/\/www.caiad.fr\/wp-login.php?action=register'>une inscription.<\/a><\/p><form action='http:\/\/www.caiad.fr\/wp-login.php' method='post'>\n\t\t\t\t<label style='font-size:100%;' for='log'>Pseudonyme:<\/label><br \/><input type='text' name='log' id='log' value='' size='20' class='wpf-input'\/><br \/>\n\t\t\t\t<label style='font-size:100%;' for='pwd'>Mot de passe:<\/label><br \/><input type='password' name='pwd' id='pwd' size='20' class='wpf-input'\/> \n\t\t\t\t<input type='submit' name='submit' value='Login' id='wpf-login-button' class='button' \/><br \/>\n\t\t\t\t<label style='font-size:100%;' for='rememberme'><input name='rememberme' id='rememberme' type='checkbox' checked='checked' value='forever' \/> Se rappeler de moi<\/label>\n\t\t\t\t\n\t\t\t\t<input type='hidden' name='redirect_to' value='\/index.php?rest_route=%2Fwp%2Fv2%2Fpages%2F260'\/>\n\t\t\t<\/form><\/td>\n\t\t\t\t\t<\/tr>\n\n\t\t\t\t\t<tr id='upshrinkHeader2'>\n\t\t\t\t\t\t<th class='wpf-bright'  align='right'>\n\t\t\t\t\t\t\t<div>\n\t\t\t\t\t\t\t\t<form name='wpf_search_form' method='post' action='http:\/\/www.caiad.fr\/?page_id=260&mingleforumaction=search'>\n\t\t\t\t\t\t\t\t\t<input type='text' name='search_words' class='wpf-input' \/>\n\t\t\t\t\t\t\t\t\t<input type='submit' id='wpf-search-submit' name='search_submit' value='Rechercher dans les forums' \/>\n\t\t\t\t\t\t\t\t<\/form>\n\t\t\t\t\t\t\t<\/div>\n\t\t\t\t\t\t<\/th>\n\t\t\t\t\t<\/tr>\n\t\t\t\t<\/table>\n\t\t\t<\/div><p id='trail' class='breadcrumbs'><a href='http:\/\/www.caiad.fr\/?page_id=260'>Forum<\/a><\/p><div class='wpf'><table width='100%' class='wpf-table forumsList'><tr><th colspan='4'><a href='http:\/\/www.caiad.fr\/?page_id=260&mingleforumaction=vforum&g=2.0'>CAIAD<\/a><\/th><\/tr><tr class='alt even'>\n\t\t\t\t\t\t\t<td class='wpf-alt forumIcon' width='6%' align='center'><img alt='' src='http:\/\/www.caiad.fr\/wp-content\/plugins\/mingle-forum\/default-skin\/Default\/images\/off.gif' \/><\/td>\n\t\t\t\t\t\t\t<td valign='top'><strong><a href='http:\/\/www.caiad.fr\/?page_id=260&mingleforumaction=viewforum&f=7.0'>ASSOCIATION<\/a><\/strong><br \/>Fonctionnement du CAIAD<br \/><small><i>Mod\u00e9rateurs: <a href='http:\/\/www.caiad.fr\/?page_id=260&mingleforumaction=profile&id=1' title='Voir le profil'>Administrateur<\/a><\/i><\/small><\/td><td nowrap='nowrap' width='11%' align='left' class='wpf-alt'><small>Discussions:0<br \/>Messages:0<\/small><\/td><td  width='28%' ><small>Aucune discussion pour l'instant<\/small><\/td><\/tr><tr class='odd'>\n\t\t\t\t\t\t\t<td class='wpf-alt forumIcon' width='6%' align='center'><img alt='' src='http:\/\/www.caiad.fr\/wp-content\/plugins\/mingle-forum\/default-skin\/Default\/images\/off.gif' \/><\/td>\n\t\t\t\t\t\t\t<td valign='top'><strong><a href='http:\/\/www.caiad.fr\/?page_id=260&mingleforumaction=viewforum&f=20.0'>COURS<\/a><\/strong><br \/>Organisation et fonctionnement des cours<br \/><small><i>Mod\u00e9rateurs: <a href='http:\/\/www.caiad.fr\/?page_id=260&mingleforumaction=profile&id=1' title='Voir le profil'>Administrateur<\/a><\/i><\/small><\/td><td nowrap='nowrap' width='11%' align='left' class='wpf-alt'><small>Discussions:0<br \/>Messages:0<\/small><\/td><td  width='28%' ><small>Aucune discussion pour l'instant<\/small><\/td><\/tr><tr class='alt even'>\n\t\t\t\t\t\t\t<td class='wpf-alt forumIcon' width='6%' align='center'><img alt='' src='http:\/\/www.caiad.fr\/wp-content\/plugins\/mingle-forum\/default-skin\/Default\/images\/off.gif' \/><\/td>\n\t\t\t\t\t\t\t<td valign='top'><strong><a href='http:\/\/www.caiad.fr\/?page_id=260&mingleforumaction=viewforum&f=8.0'>EVENEMENTS<\/a><\/strong><br \/>Ev\u00e8nements \u00e0 venir, pass\u00e9s, ou suggestion<br \/><small><i>Mod\u00e9rateurs: <a href='http:\/\/www.caiad.fr\/?page_id=260&mingleforumaction=profile&id=1' title='Voir le profil'>Administrateur<\/a><\/i><\/small><\/td><td nowrap='nowrap' width='11%' align='left' class='wpf-alt'><small>Discussions:0<br \/>Messages:0<\/small><\/td><td  width='28%' ><small>Aucune discussion pour l'instant<\/small><\/td><\/tr><\/table>\n\t\t\t<\/div><br class='clear'\/><div class='wpf'><table width='100%' class='wpf-table forumsList'><tr><th colspan='4'><a href='http:\/\/www.caiad.fr\/?page_id=260&mingleforumaction=vforum&g=3.0'>COURS<\/a><\/th><\/tr><tr class='odd'>\n\t\t\t\t\t\t\t<td class='wpf-alt forumIcon' width='6%' align='center'><img alt='' src='http:\/\/www.caiad.fr\/wp-content\/plugins\/mingle-forum\/default-skin\/Default\/images\/off.gif' \/><\/td>\n\t\t\t\t\t\t\t<td valign='top'><strong><a href='http:\/\/www.caiad.fr\/?page_id=260&mingleforumaction=viewforum&f=10.0'>INTERNET<\/a><\/strong><br \/>Naviguer sur Internet<br \/><small><i>Mod\u00e9rateurs: <a href='http:\/\/www.caiad.fr\/?page_id=260&mingleforumaction=profile&id=1' title='Voir le profil'>Administrateur<\/a><\/i><\/small><\/td><td nowrap='nowrap' width='11%' align='left' class='wpf-alt'><small>Discussions:0<br \/>Messages:0<\/small><\/td><td  width='28%' ><small>Aucune discussion pour l'instant<\/small><\/td><\/tr><tr class='alt even'>\n\t\t\t\t\t\t\t<td class='wpf-alt forumIcon' width='6%' align='center'><img alt='' src='http:\/\/www.caiad.fr\/wp-content\/plugins\/mingle-forum\/default-skin\/Default\/images\/off.gif' \/><\/td>\n\t\t\t\t\t\t\t<td valign='top'><strong><a href='http:\/\/www.caiad.fr\/?page_id=260&mingleforumaction=viewforum&f=11.0'>MESSAGERIE<\/a><\/strong><br \/>G\u00e9rer ses messages Internet<br \/><small><i>Mod\u00e9rateurs: <a href='http:\/\/www.caiad.fr\/?page_id=260&mingleforumaction=profile&id=1' title='Voir le profil'>Administrateur<\/a><\/i><\/small><\/td><td nowrap='nowrap' width='11%' align='left' class='wpf-alt'><small>Discussions:0<br \/>Messages:0<\/small><\/td><td  width='28%' ><small>Aucune discussion pour l'instant<\/small><\/td><\/tr><tr class='odd'>\n\t\t\t\t\t\t\t<td class='wpf-alt forumIcon' width='6%' align='center'><img alt='' src='http:\/\/www.caiad.fr\/wp-content\/plugins\/mingle-forum\/default-skin\/Default\/images\/off.gif' \/><\/td>\n\t\t\t\t\t\t\t<td valign='top'><strong><a href='http:\/\/www.caiad.fr\/?page_id=260&mingleforumaction=viewforum&f=4.0'>ORDINATEUR<\/a><\/strong><br \/>D\u00e9couverte de l'ordinateur<br \/><small><i>Mod\u00e9rateurs: <a href='http:\/\/www.caiad.fr\/?page_id=260&mingleforumaction=profile&id=1' title='Voir le profil'>Administrateur<\/a><\/i><\/small><\/td><td nowrap='nowrap' width='11%' align='left' class='wpf-alt'><small>Discussions:0<br \/>Messages:0<\/small><\/td><td  width='28%' ><small>Aucune discussion pour l'instant<\/small><\/td><\/tr><tr class='alt even'>\n\t\t\t\t\t\t\t<td class='wpf-alt forumIcon' width='6%' align='center'><img alt='' src='http:\/\/www.caiad.fr\/wp-content\/plugins\/mingle-forum\/default-skin\/Default\/images\/off.gif' \/><\/td>\n\t\t\t\t\t\t\t<td valign='top'><strong><a href='http:\/\/www.caiad.fr\/?page_id=260&mingleforumaction=viewforum&f=9.0'>PHOTOS<\/a><\/strong><br \/>Comment g\u00e9rer ses photos<br \/><small><i>Mod\u00e9rateurs: <a href='http:\/\/www.caiad.fr\/?page_id=260&mingleforumaction=profile&id=1' title='Voir le profil'>Administrateur<\/a><\/i><\/small><\/td><td nowrap='nowrap' width='11%' align='left' class='wpf-alt'><small>Discussions:0<br \/>Messages:0<\/small><\/td><td  width='28%' ><small>Aucune discussion pour l'instant<\/small><\/td><\/tr><tr class='odd'>\n\t\t\t\t\t\t\t<td class='wpf-alt forumIcon' width='6%' align='center'><img alt='' src='http:\/\/www.caiad.fr\/wp-content\/plugins\/mingle-forum\/default-skin\/Default\/images\/off.gif' \/><\/td>\n\t\t\t\t\t\t\t<td valign='top'><strong><a href='http:\/\/www.caiad.fr\/?page_id=260&mingleforumaction=viewforum&f=6.0'>TRAITEMENT DE TEXTES<\/a><\/strong><br \/>D\u00e9couverte et apprentissage d'Open Office<br \/><small><i>Mod\u00e9rateurs: <a href='http:\/\/www.caiad.fr\/?page_id=260&mingleforumaction=profile&id=1' title='Voir le profil'>Administrateur<\/a><\/i><\/small><\/td><td nowrap='nowrap' width='11%' align='left' class='wpf-alt'><small>Discussions:0<br \/>Messages:0<\/small><\/td><td  width='28%' ><small>Aucune discussion pour l'instant<\/small><\/td><\/tr><tr class='alt even'>\n\t\t\t\t\t\t\t<td class='wpf-alt forumIcon' width='6%' align='center'><img alt='' src='http:\/\/www.caiad.fr\/wp-content\/plugins\/mingle-forum\/default-skin\/Default\/images\/off.gif' \/><\/td>\n\t\t\t\t\t\t\t<td valign='top'><strong><a href='http:\/\/www.caiad.fr\/?page_id=260&mingleforumaction=viewforum&f=5.0'>WINDOWS<\/a><\/strong><br \/>D\u00e9couverte et maitrise de Windows<br \/><small><i>Mod\u00e9rateurs: <a href='http:\/\/www.caiad.fr\/?page_id=260&mingleforumaction=profile&id=1' title='Voir le profil'>Administrateur<\/a><\/i><\/small><\/td><td nowrap='nowrap' width='11%' align='left' class='wpf-alt'><small>Discussions:0<br \/>Messages:0<\/small><\/td><td  width='28%' ><small>Aucune discussion pour l'instant<\/small><\/td><\/tr><\/table>\n\t\t\t<\/div><br class='clear'\/><div class='wpf'><table width='100%' class='wpf-table forumsList'><tr><th colspan='4'><a href='http:\/\/www.caiad.fr\/?page_id=260&mingleforumaction=vforum&g=4.0'>LOGICIELS<\/a><\/th><\/tr><tr class='odd'>\n\t\t\t\t\t\t\t<td class='wpf-alt forumIcon' width='6%' align='center'><img alt='' src='http:\/\/www.caiad.fr\/wp-content\/plugins\/mingle-forum\/default-skin\/Default\/images\/off.gif' \/><\/td>\n\t\t\t\t\t\t\t<td valign='top'><strong><a href='http:\/\/www.caiad.fr\/?page_id=260&mingleforumaction=viewforum&f=21.0'>AUDIOGRABBER<\/a><\/strong><br \/><small><i>Mod\u00e9rateurs: <a href='http:\/\/www.caiad.fr\/?page_id=260&mingleforumaction=profile&id=1' title='Voir le profil'>Administrateur<\/a><\/i><\/small><\/td><td nowrap='nowrap' width='11%' align='left' class='wpf-alt'><small>Discussions:0<br \/>Messages:0<\/small><\/td><td  width='28%' ><small>Aucune discussion pour l'instant<\/small><\/td><\/tr><tr class='alt even'>\n\t\t\t\t\t\t\t<td class='wpf-alt forumIcon' width='6%' align='center'><img alt='' src='http:\/\/www.caiad.fr\/wp-content\/plugins\/mingle-forum\/default-skin\/Default\/images\/off.gif' \/><\/td>\n\t\t\t\t\t\t\t<td valign='top'><strong><a href='http:\/\/www.caiad.fr\/?page_id=260&mingleforumaction=viewforum&f=22.0'>CD BURNERXP<\/a><\/strong><br \/><small><i>Mod\u00e9rateurs: <a href='http:\/\/www.caiad.fr\/?page_id=260&mingleforumaction=profile&id=1' title='Voir le profil'>Administrateur<\/a><\/i><\/small><\/td><td nowrap='nowrap' width='11%' align='left' class='wpf-alt'><small>Discussions:0<br \/>Messages:0<\/small><\/td><td  width='28%' ><small>Aucune discussion pour l'instant<\/small><\/td><\/tr><tr class='odd'>\n\t\t\t\t\t\t\t<td class='wpf-alt forumIcon' width='6%' align='center'><img alt='' src='http:\/\/www.caiad.fr\/wp-content\/plugins\/mingle-forum\/default-skin\/Default\/images\/off.gif' \/><\/td>\n\t\t\t\t\t\t\t<td valign='top'><strong><a href='http:\/\/www.caiad.fr\/?page_id=260&mingleforumaction=viewforum&f=23.0'>EASYPHOTO TOOLS<\/a><\/strong><br \/><small><i>Mod\u00e9rateurs: <a href='http:\/\/www.caiad.fr\/?page_id=260&mingleforumaction=profile&id=1' title='Voir le profil'>Administrateur<\/a><\/i><\/small><\/td><td nowrap='nowrap' width='11%' align='left' class='wpf-alt'><small>Discussions:0<br \/>Messages:0<\/small><\/td><td  width='28%' ><small>Aucune discussion pour l'instant<\/small><\/td><\/tr><tr class='alt even'>\n\t\t\t\t\t\t\t<td class='wpf-alt forumIcon' width='6%' align='center'><img alt='' src='http:\/\/www.caiad.fr\/wp-content\/plugins\/mingle-forum\/default-skin\/Default\/images\/off.gif' \/><\/td>\n\t\t\t\t\t\t\t<td valign='top'><strong><a href='http:\/\/www.caiad.fr\/?page_id=260&mingleforumaction=viewforum&f=15.0'>FIREFOX<\/a><\/strong><br \/><small><i>Mod\u00e9rateurs: <a href='http:\/\/www.caiad.fr\/?page_id=260&mingleforumaction=profile&id=1' title='Voir le profil'>Administrateur<\/a><\/i><\/small><\/td><td nowrap='nowrap' width='11%' align='left' class='wpf-alt'><small>Discussions:0<br \/>Messages:0<\/small><\/td><td  width='28%' ><small>Aucune discussion pour l'instant<\/small><\/td><\/tr><tr class='odd'>\n\t\t\t\t\t\t\t<td class='wpf-alt forumIcon' width='6%' align='center'><img alt='' src='http:\/\/www.caiad.fr\/wp-content\/plugins\/mingle-forum\/default-skin\/Default\/images\/off.gif' \/><\/td>\n\t\t\t\t\t\t\t<td valign='top'><strong><a href='http:\/\/www.caiad.fr\/?page_id=260&mingleforumaction=viewforum&f=16.0'>IRFANVIEW<\/a><\/strong><br \/><small><i>Mod\u00e9rateurs: <a href='http:\/\/www.caiad.fr\/?page_id=260&mingleforumaction=profile&id=1' title='Voir le profil'>Administrateur<\/a><\/i><\/small><\/td><td nowrap='nowrap' width='11%' align='left' class='wpf-alt'><small>Discussions:0<br \/>Messages:0<\/small><\/td><td  width='28%' ><small>Aucune discussion pour l'instant<\/small><\/td><\/tr><tr class='alt even'>\n\t\t\t\t\t\t\t<td class='wpf-alt forumIcon' width='6%' align='center'><img alt='' src='http:\/\/www.caiad.fr\/wp-content\/plugins\/mingle-forum\/default-skin\/Default\/images\/off.gif' \/><\/td>\n\t\t\t\t\t\t\t<td valign='top'><strong><a href='http:\/\/www.caiad.fr\/?page_id=260&mingleforumaction=viewforum&f=24.0'>MEDIA MONKEY<\/a><\/strong><br \/><small><i>Mod\u00e9rateurs: <a href='http:\/\/www.caiad.fr\/?page_id=260&mingleforumaction=profile&id=1' title='Voir le profil'>Administrateur<\/a><\/i><\/small><\/td><td nowrap='nowrap' width='11%' align='left' class='wpf-alt'><small>Discussions:0<br \/>Messages:0<\/small><\/td><td  width='28%' ><small>Aucune discussion pour l'instant<\/small><\/td><\/tr><tr class='odd'>\n\t\t\t\t\t\t\t<td class='wpf-alt forumIcon' width='6%' align='center'><img alt='' src='http:\/\/www.caiad.fr\/wp-content\/plugins\/mingle-forum\/default-skin\/Default\/images\/off.gif' \/><\/td>\n\t\t\t\t\t\t\t<td valign='top'><strong><a href='http:\/\/www.caiad.fr\/?page_id=260&mingleforumaction=viewforum&f=17.0'>PICASA<\/a><\/strong><br \/><small><i>Mod\u00e9rateurs: <a href='http:\/\/www.caiad.fr\/?page_id=260&mingleforumaction=profile&id=1' title='Voir le profil'>Administrateur<\/a><\/i><\/small><\/td><td nowrap='nowrap' width='11%' align='left' class='wpf-alt'><small>Discussions:0<br \/>Messages:0<\/small><\/td><td  width='28%' ><small>Aucune discussion pour l'instant<\/small><\/td><\/tr><tr class='alt even'>\n\t\t\t\t\t\t\t<td class='wpf-alt forumIcon' width='6%' align='center'><img alt='' src='http:\/\/www.caiad.fr\/wp-content\/plugins\/mingle-forum\/default-skin\/Default\/images\/off.gif' \/><\/td>\n\t\t\t\t\t\t\t<td valign='top'><strong><a href='http:\/\/www.caiad.fr\/?page_id=260&mingleforumaction=viewforum&f=13.0'>OPENOFFICE CALC<\/a><\/strong><br \/><small><i>Mod\u00e9rateurs: <a href='http:\/\/www.caiad.fr\/?page_id=260&mingleforumaction=profile&id=1' title='Voir le profil'>Administrateur<\/a><\/i><\/small><\/td><td nowrap='nowrap' width='11%' align='left' class='wpf-alt'><small>Discussions:0<br \/>Messages:0<\/small><\/td><td  width='28%' ><small>Aucune discussion pour l'instant<\/small><\/td><\/tr><tr class='odd'>\n\t\t\t\t\t\t\t<td class='wpf-alt forumIcon' width='6%' align='center'><img alt='' src='http:\/\/www.caiad.fr\/wp-content\/plugins\/mingle-forum\/default-skin\/Default\/images\/off.gif' \/><\/td>\n\t\t\t\t\t\t\t<td valign='top'><strong><a href='http:\/\/www.caiad.fr\/?page_id=260&mingleforumaction=viewforum&f=12.0'>OPENOFFICE WRITER<\/a><\/strong><br \/><small><i>Mod\u00e9rateurs: <a href='http:\/\/www.caiad.fr\/?page_id=260&mingleforumaction=profile&id=1' title='Voir le profil'>Administrateur<\/a><\/i><\/small><\/td><td nowrap='nowrap' width='11%' align='left' class='wpf-alt'><small>Discussions:0<br \/>Messages:0<\/small><\/td><td  width='28%' ><small>Aucune discussion pour l'instant<\/small><\/td><\/tr><tr class='alt even'>\n\t\t\t\t\t\t\t<td class='wpf-alt forumIcon' width='6%' align='center'><img alt='' src='http:\/\/www.caiad.fr\/wp-content\/plugins\/mingle-forum\/default-skin\/Default\/images\/off.gif' \/><\/td>\n\t\t\t\t\t\t\t<td valign='top'><strong><a href='http:\/\/www.caiad.fr\/?page_id=260&mingleforumaction=viewforum&f=19.0'>SCRIBUS<\/a><\/strong><br \/><small><i>Mod\u00e9rateurs: <a href='http:\/\/www.caiad.fr\/?page_id=260&mingleforumaction=profile&id=1' title='Voir le profil'>Administrateur<\/a><\/i><\/small><\/td><td nowrap='nowrap' width='11%' align='left' class='wpf-alt'><small>Discussions:0<br \/>Messages:0<\/small><\/td><td  width='28%' ><small>Aucune discussion pour l'instant<\/small><\/td><\/tr><tr class='odd'>\n\t\t\t\t\t\t\t<td class='wpf-alt forumIcon' width='6%' align='center'><img alt='' src='http:\/\/www.caiad.fr\/wp-content\/plugins\/mingle-forum\/default-skin\/Default\/images\/off.gif' \/><\/td>\n\t\t\t\t\t\t\t<td valign='top'><strong><a href='http:\/\/www.caiad.fr\/?page_id=260&mingleforumaction=viewforum&f=14.0'>THE GIMP<\/a><\/strong><br \/><small><i>Mod\u00e9rateurs: <a href='http:\/\/www.caiad.fr\/?page_id=260&mingleforumaction=profile&id=1' title='Voir le profil'>Administrateur<\/a><\/i><\/small><\/td><td nowrap='nowrap' width='11%' align='left' class='wpf-alt'><small>Discussions:0<br \/>Messages:0<\/small><\/td><td  width='28%' ><small>Aucune discussion pour l'instant<\/small><\/td><\/tr><tr class='alt even'>\n\t\t\t\t\t\t\t<td class='wpf-alt forumIcon' width='6%' align='center'><img alt='' src='http:\/\/www.caiad.fr\/wp-content\/plugins\/mingle-forum\/default-skin\/Default\/images\/off.gif' \/><\/td>\n\t\t\t\t\t\t\t<td valign='top'><strong><a href='http:\/\/www.caiad.fr\/?page_id=260&mingleforumaction=viewforum&f=18.0'>THUNDERBIRD<\/a><\/strong><br \/><small><i>Mod\u00e9rateurs: <a href='http:\/\/www.caiad.fr\/?page_id=260&mingleforumaction=profile&id=1' title='Voir le profil'>Administrateur<\/a><\/i><\/small><\/td><td nowrap='nowrap' width='11%' align='left' class='wpf-alt'><small>Discussions:0<br \/>Messages:0<\/small><\/td><td  width='28%' ><small>Aucune discussion pour l'instant<\/small><\/td><\/tr><\/table>\n\t\t\t<\/div><br class='clear'\/><table>\n\t\t\t\t\t<tr>\n\t\t\t\t\t\t<td><small><img alt='' align='top' src='http:\/\/www.caiad.fr\/wp-content\/plugins\/mingle-forum\/default-skin\/Default\/images\/new_some.gif' \/> Nouveaux messages <img alt='' align='top' src='http:\/\/www.caiad.fr\/wp-content\/plugins\/mingle-forum\/default-skin\/Default\/images\/new_none.gif' \/> Aucun nouveau message - <a href='http:\/\/www.caiad.fr\/?page_id=260&markallread=true'>Mark All Read<\/a><\/small><\/td>\n\t\t\t\t\t<\/tr>\n\t\t\t\t<\/table><br class='clear'\/><div class='wpf'><table class='wpf-table' width='100%' cellspacing='0' cellpadding='0'><tr>\n\t\t\t\t\t\t\t\t\t<th align='center' colspan='2'>Centre d'informations<\/th>\n\t\t\t\t\t\t\t\t<\/tr>\n\t\t\t\t\t\t\t\t<tr>\n\t\t\t\t\t\t\t\t<\/tr>\n\t\t\t\t\t\t\t\t<tr>\n\t\t\t\t\t\t\t\t\t<td width='3%' class='forumIcon' align='center'><img alt='' src='http:\/\/www.caiad.fr\/wp-content\/plugins\/mingle-forum\/default-skin\/Default\/images\/icons\/info.gif' \/><\/td>\n\t\t\t\t\t\t\t\t\t<td>\n\t\t\t\t\t\t\t\t\t\t0 Messages dans 0 discussions cr\u00e9es par 1 Membres. Derniers membres: <a href='http:\/\/www.caiad.fr\/?page_id=260&mingleforumaction=profile&id=1' title='Voir le profil'>Administrateur<\/a>\n\t\t\t\t\t\t\t\t\t\t<br \/>Dernier message par Invit\u00e9<br \/>le 1 01 1970, 00:00\n\t\t\t\t\t\t\t\t\t<\/td>\n\t\t\t\t\t\t\t\t<\/tr>\n\t\t\t\t\t\t<\/table><\/div><div id='wpf-info'><small>\n        Mingle Forum by <a href='http:\/\/cartpauj.com'>cartpauj<\/a><br \/> \n        Version: 1.0.34; \n        Page charg\u00e9e en: 0.012 secondes.<\/small>\n      <\/div><\/div>\n","protected":false},"excerpt":{"rendered":"","protected":false},"author":1,"featured_media":0,"parent":0,"menu_order":0,"comment_status":"closed","ping_status":"closed","template":"","meta":{"footnotes":""},"class_list":["post-260","page","type-page","status-publish","hentry"],"_links":{"self":[{"href":"http:\/\/www.caiad.fr\/index.php?rest_route=\/wp\/v2\/pages\/260","targetHints":{"allow":["GET"]}}],"collection":[{"href":"http:\/\/www.caiad.fr\/index.php?rest_route=\/wp\/v2\/pages"}],"about":[{"href":"http:\/\/www.caiad.fr\/index.php?rest_route=\/wp\/v2\/types\/page"}],"author":[{"embeddable":true,"href":"http:\/\/www.caiad.fr\/index.php?rest_route=\/wp\/v2\/users\/1"}],"replies":[{"embeddable":true,"href":"http:\/\/www.caiad.fr\/index.php?rest_route=%2Fwp%2Fv2%2Fcomments&post=260"}],"version-history":[{"count":1,"href":"http:\/\/www.caiad.fr\/index.php?rest_route=\/wp\/v2\/pages\/260\/revisions"}],"predecessor-version":[{"id":261,"href":"http:\/\/www.caiad.fr\/index.php?rest_route=\/wp\/v2\/pages\/260\/revisions\/261"}],"wp:attachment":[{"href":"http:\/\/www.caiad.fr\/index.php?rest_route=%2Fwp%2Fv2%2Fmedia&parent=260"}],"curies":[{"name":"wp","href":"https:\/\/api.w.org\/{rel}","templated":true}]}}