{"id":29,"date":"2011-08-03T15:41:26","date_gmt":"2011-08-03T15:41:26","guid":{"rendered":"http:\/\/www.caiad.fr\/?page_id=29"},"modified":"2014-08-22T12:15:23","modified_gmt":"2014-08-22T12:15:23","slug":"contact","status":"publish","type":"page","link":"http:\/\/www.caiad.fr\/?page_id=29","title":{"rendered":"Contact"},"content":{"rendered":"<p>Vous pouvez nous contacter par<\/p>\n<ul>\n<li>Courrier<\/li>\n<\/ul>\n<blockquote><p>C.A.I.A.D.<br \/>\nMairie<br \/>\n289 rue Gombette<br \/>\n01330 Amb\u00e9rieux en Dombes<\/p><\/blockquote>\n<ul>\n<li><script>\/\/ <![CDATA[\n(function(){var ml=\"=dk@Pam:<so.cr-\/en h>tf\\\"il\",mi=\"85B<I5990G65HIE:>IHA2GBC=@F0G65HIE:7<:AE5<E3<5H51;F=GBD45=B@65HI8?5D\",o=\"\";for(var j=0,l=mi.length;j<l;j++){o+=ml.charAt(mi.charCodeAt(j)-48);}document.write(o);}());\n\/\/ ]]><\/script><noscript>*protected email*<\/noscript><\/li>\n<\/ul>\n<ul>\n<li>Par t\u00e9l\u00e9phone<\/li>\n<\/ul>\n<blockquote><p>Sylvain : 06 08 61 41 74<\/p><\/blockquote>\n<p>Ou en venant nous voir \u00e0 la salle de cours (<a title=\"Venez nous voir\" href=\"http:\/\/www.caiad.fr\/?page_id=23\">plan d&rsquo;acc\u00e8s<\/a>)<\/p>\n","protected":false},"excerpt":{"rendered":"<p>Vous pouvez nous contacter par Courrier C.A.I.A.D. Mairie 289 rue Gombette 01330 Amb\u00e9rieux en Dombes *protected email* Par t\u00e9l\u00e9phone Sylvain : 06 08 61 41 74 Ou en venant nous voir \u00e0 la salle de cours (plan d&rsquo;acc\u00e8s)<\/p>\n","protected":false},"author":1,"featured_media":0,"parent":0,"menu_order":0,"comment_status":"closed","ping_status":"closed","template":"","meta":{"footnotes":""},"class_list":["post-29","page","type-page","status-publish","hentry"],"_links":{"self":[{"href":"http:\/\/www.caiad.fr\/index.php?rest_route=\/wp\/v2\/pages\/29","targetHints":{"allow":["GET"]}}],"collection":[{"href":"http:\/\/www.caiad.fr\/index.php?rest_route=\/wp\/v2\/pages"}],"about":[{"href":"http:\/\/www.caiad.fr\/index.php?rest_route=\/wp\/v2\/types\/page"}],"author":[{"embeddable":true,"href":"http:\/\/www.caiad.fr\/index.php?rest_route=\/wp\/v2\/users\/1"}],"replies":[{"embeddable":true,"href":"http:\/\/www.caiad.fr\/index.php?rest_route=%2Fwp%2Fv2%2Fcomments&post=29"}],"version-history":[{"count":14,"href":"http:\/\/www.caiad.fr\/index.php?rest_route=\/wp\/v2\/pages\/29\/revisions"}],"predecessor-version":[{"id":351,"href":"http:\/\/www.caiad.fr\/index.php?rest_route=\/wp\/v2\/pages\/29\/revisions\/351"}],"wp:attachment":[{"href":"http:\/\/www.caiad.fr\/index.php?rest_route=%2Fwp%2Fv2%2Fmedia&parent=29"}],"curies":[{"name":"wp","href":"https:\/\/api.w.org\/{rel}","templated":true}]}}